. Suppose b = 4*b - h. List the prime factors of b.
2
Let m(o) = -o**3 + o**2 + o + 68. What are the prime factors of m(0)?
2, 17
Let r be -3*2/(18/21). Let l(j) = j**2 + 8*j + 1. Let p be l(r). What are the prime factors of (4/p)/((-3)/54)?
2, 3
Let f(a) = 3*a**2 - 6*a + 2. What are the prime factors of f(3)?
11
Suppose -2*k + 1 = 5*h - 123, -5*h = -3*k + 136. What are the prime factors of k?
2, 13
Let g(l) = l**2 + 8*l - 6. What are the prime factors of g(8)?
2, 61
Let b(d) = d**2 + 7*d + 2. Let s be b(-7). Suppose -s*c + 3*i + 43 = 2*i, 3*c - 3*i = 66. List the prime factors of c.
3, 7
Suppose 0 = 4*m + 3*v - 1330, -2*v + 4*v - 1328 = -4*m. What are the prime factors of m?
331
Let c be 4/(-3)*3/(-2). Suppose -3 = l, -c*q + 2*l = -5*q + 48. List the prime factors of q.
2, 3
Suppose 11 = z + 3. Suppose p + q - 3*q - z = 0, 4*p - 4*q = 20. Suppose 5*l = p + 13. List the prime factors of l.
3
What are the prime factors of (-58)/(((-3)/4)/((-30)/(-16)))?
5, 29
Let h(t) = -t - 3. Let b be h(-4). Let z(q) = 12*q. Let j be z(b). Let i = 24 - j. List the prime factors of i.
2, 3
Let o be (-4)/((-12)/9) + -10. Let t(a) = -6*a. Let d(z) = -7*z + 1. Let c(u) = -5*d(u) + 6*t(u). List the prime factors of c(o).
2
List the prime factors of 2*(0/(-4) + 17).
2, 17
Let f = -51 + 34. Suppose 2 + 4 = 2*q. What are the prime factors of f*(q + -2 + -2)?
17
Let o(l) = 2*l - 6. Let f be o(7). Let z = f - 1. Let u = -4 + z. What are the prime factors of u?
3
Let w be 4/(-2 - 4*-1). Suppose 11 = -w*h + 3*h. What are the prime factors of h?
11
Let s = 6 - 20. Suppose d + 3 = 2. What are the prime factors of 2/(-6)*(d + s)?
5
Let g be 2/3 + (-30)/(-9). Suppose -g*i = i - 220. What are the prime factors of i/6 - (-2)/(-6)?
7
Let l = 8 + -5. Suppose -b - l = -10. List the prime factors of b.
7
Suppose 8*x - 264 - 216 = 0. What are the prime factors of x?
2, 3, 5
Suppose b + 3*b + 72 = -5*f, 4*b - 3*f + 72 = 0. Let o = b + 31. What are the prime factors of o?
13
Let u = -2 - -1. List the prime factors of u/((-4)/68) - -2.
19
Let p(v) = -v**2 - 11*v - 9. Let b be p(-9). Suppose -b = 3*u - 33. What are the prime factors of u?
2
Let i be (-82)/7 + 10/(-35). Let d be (-2)/i*3*-20. What are the prime factors of 6/d*(-5 + 0)?
3
Let k = 5 - 2. Suppose 2*n - 8 = 4*j - 2*n, 2 = 2*j + n. Suppose -6 + j = -k*w. List the prime factors of w.
2
Let n be (-7)/(21/(-2))*-3. Let j = n + 34. List the prime factors of j.
2
Let a(x) = -x + 9. Let i be a(0). Let o be 303/6 - (-1)/(-2). Suppose -o = 4*k - i*k. List the prime factors of k.
2, 5
Let i = 8 + 90. What are the prime factors of i?
2, 7
Let u(m) = -15*m - 1. Let c be u(-3). Suppose -3*w = -7*w + c. Let y = 21 - w. List the prime factors of y.
2, 5
List the prime factors of (-2 - -1)*(11 + -87).
2, 19
Suppose -7*z + 459 = -458. What are the prime factors of z?
131
What are the prime factors of 3*5/15 - -1?
2
Let f = -38 - -57. Let v = -13 + f. List the prime factors of v.
2, 3
Let d(a) = a**2 - 3*a + 10. Let b be d(-7). Suppose -4*t + b = t. List the prime factors of t.
2
Suppose -2*j - 92 = 2*j. What are the prime factors of (5 - 3) + -3 - j?
2, 11
Let f(a) = -a**3 - 6*a**2 - 6*a - 1. Let w be f(-5). What are the prime factors of w/6*78/4?
13
Let t = -76 + 168. List the prime factors of t.
2, 23
Let j = -25 + 10. List the prime factors of -1 - ((-1)/1 + j).
3, 5
List the prime factors of (10 + -12)/((-4)/106).
53
Let g(c) = c**3 - 3*c**2 - 6*c + 5. List the prime factors of g(5).
5
Suppose 18*a - 40 = 8*a. What are the prime factors of a?
2
Let a(f) = 98*f - 1. List the prime factors of a(1).
97
Suppose -w - 4*k + 28 = k, 3*w - 5*k = 164. What are the prime factors of w?
2, 3
Let a = -15 - -8. What are the prime factors of (-184)/a + 18/(-63)?
2, 13
Let w(n) = -2*n - 1. Let a be w(-2). Let i(u) = 2*u**2 - 3*u + 4. List the prime factors of i(a).
13
Let c(i) = i - 1. Let q(w) = w**3 - 5*w**2 + 5*w - 2. Let n be q(3). Let k(l) = -l**3 - 6*l**2 - 5*l + 7. Let b be k(n). What are the prime factors of c(b)?
2, 3
Suppose 2*k + 2 = 10. Suppose k*i - 10 + 2 = 0. Suppose -i*o - 2*o = -20. What are the prime factors of o?
5
Suppose 2*j + 5*b - 4 - 7 = 0, 61 = 2*j - 5*b. Suppose 2*v - j = -v. List the prime factors of v.
2, 3
Let w = 11 + -3. Let b = w - 3. Suppose -4*v + 11 = 5*t, 0*t - 61 = -4*v + b*t. List the prime factors of v.
3
Suppose -3*y + 206 = -4*o, -5*y + 0*o + 4*o = -338. List the prime factors of y.
2, 3, 11
Let p = 14 + 33. List the prime factors of p.
47
Suppose -7 = -4*w + 1. Let x = -11 + w. List the prime factors of (-3 + 8/3)*x.
3
Suppose 0*n - z = 2*n - 88, 5*z = -2*n + 80. List the prime factors of n.
3, 5
Let k be 0 - -1*(-1 + -21). Let n be 1/(-1 + k/(-21)). Suppose -4*b = -5*t + 37, -2*t + n = t - 3*b. What are the prime factors of t?
3
Let r(n) = -n**2 + 8*n - 1. Let x be r(8). Let o = -2 + x. Let i(t) = -6*t + 2. What are the prime factors of i(o)?
2, 5
Let n(d) = -d**2 - 10*d + 8. Suppose 0 = -6*a + 5*a - 9. List the prime factors of n(a).
17
Let n be 38/14 - 14/(-49). Suppose 0 = n*i - 8 - 16. List the prime factors of i.
2
Let o be (6 - (2 + -3)) + -1. Let d be 1 - 2 - o/(-1). Suppose 0 = -5*q - 3*r + 47 - 0, -3*r - 53 = -d*q. List the prime factors of q.
2, 5
Let h(d) = -17*d + 1. What are the prime factors of h(-11)?
2, 47
List the prime factors of ((-14)/21)/((-4)/66).
11
Let y = 95 - 28. List the prime factors of y.
67
Let f(u) be the second derivative of u**5/20 + 5*u**4/4 + 7*u**3/3 + 17*u**2/2 + 2*u. List the prime factors of f(-14).
17
Let m(n) = -13*n. What are the prime factors of m(-2)?
2, 13
Suppose -4*l = -4*c + 48, -3*l + 5*c - 52 = l. Let k = 17 + l. List the prime factors of k.
3
Suppose 3*z = -4*c + 77, 0 = -3*z - 3*c + 4*c + 97. Suppose 6*f + z = 3*h + f, -24 = -4*h - 2*f. List the prime factors of h.
7
Let m = -11 - -15. Suppose -m*l + 52 + 16 = 0. What are the prime factors of l?
17
Let d be ((-13)/(-3) + -4)*3. Let z(r) = 7*r**3 - r**2. List the prime factors of z(d).
2, 3
Let b be 13*1 + (0 - 1). Suppose -4*y + 70 = -2*r - 0*r, r = -3*y + 65. Let c = y - b. List the prime factors of c.
2
Suppose 4*q - 23 = -3*k + 76, 0 = 4*q + k - 105. Suppose 4*c - 5 - q = 0. List the prime factors of c.
2
Suppose -9*b + 6*b - 30 = 0. List the prime factors of (-2)/b + (-136)/(-20).
7
Suppose 3*g + 4*s = 240, 5*g + s - 156 - 244 = 0. What are the prime factors of g?
2, 5
Let j(f) = -11*f - 10. List the prime factors of j(-9).
89
Suppose 80 + 16 = m - 5*q, -168 = -2*m + 2*q. Let v = m - 54. What are the prime factors of v?
3
Let h(k) = 2*k**2 + 6*k + 15. What are the prime factors of h(-6)?
3, 17
Suppose 4 = u - 6. List the prime factors of u.
2, 5
Suppose -75 = f - 6*f. Suppose -3*c + 3*t + 12 = -0*c, -3*t = -4*c + f. Suppose -2*o = -c*o + 6. What are the prime factors of o?
2, 3
Let k(b) = -b - 1. Let l be k(-5). List the prime factors of (-72)/(-7) + l/(-14).
2, 5
Let d = 6 + -10. List the prime factors of 6/d*-6 - -1.
2, 5
Let n(l) = -2*l - 2. Let q be n(-3). Suppose 6 = -2*u - 4, q*u = 4*z - 64. List the prime factors of (0 + z)*(0 - -1).
11
Let l(r) = 2*r**2 - r + 1. Let x be l(1). Suppose 50 = 3*z + x*y + 3*y, -2*z = -y - 29. Suppose -2*q + z + 9 = 0. List the prime factors of q.
2, 3
Suppose -3*v = 2*j - 472, -2*j - 2*v + v + 464 = 0. List the prime factors of j.
2, 5, 23
Let k(r) = -16*r + 3. What are the prime factors of k(-3)?
3, 17
Let h = 26 + 108. List the prime factors of h.
2, 67
Suppose -8 = c - 24. List the prime factors of c.
2
Suppose 5*y = -4*a - 49, -a + 9 = -0*a - 3*y. Let c(s) = -s - 3. List the prime factors of c(a).
3
Suppose -4*g - u = -2*u - 720, -360 = -2*g - 4*u. Suppose k = 5*k - g. List the prime factors of k.
3, 5
Suppose -2*i - 3*i + 1245 = 5*m, 4*i - 4*m = 1004. What are the prime factors of i?
2, 5
Let l(s) = s + 7. Suppose 5*w + 4*v = 23, -2*v = -5*w + 9 + 32. Let u be l(w). Suppose h + u = 3*h. What are the prime factors of h?
7
Let q(l) = 29*l + 4. List the prime factors of q(3).
7, 13
Let d(l) = l**2. Let h be d(-3). Suppose -w - h = -27. What are the prime factors of w?
2, 3
Let g(c) = 0*c**2 + 3 - 4*c**3 - 2*c**2 + c - 2 + 3*c**2. Let v be g(-1). Suppose s + 9 = q + 3*s, -5*s - 45 = -v*q. What are the prime factors of q?
3
Suppose m = -21 + 116. What are the pri